s of p(22)?
5, 10223
What are the prime factors of (-39)/(-13) - 13 - (-2 - 34981)?
41, 853
Let u = 301 + -294. What are the prime factors of 1430 + -7*(-8 + u)?
3, 479
Suppose 4*g + 5*q - 2*q = -335, 418 = -5*g - 3*q. Let m = g - -210. Let v = m - 75. What are the prime factors of v?
2, 13
Suppose -270*q - 1563846 = -341*q. What are the prime factors of q?
2, 3, 3671
Suppose 13*u + 31*u = 13*u + 368156. What are the prime factors of u?
2, 2969
Let m(l) = -5*l + 15. Let b be m(-5). Suppose 5*p - 37 = -v + b, 4*v - 388 = -4*p. Let n = v + 86. What are the prime factors of n?
2, 47
Let n(t) = t**3 - 13*t**2 - t + 23. Let w be n(13). List the prime factors of (10245/w)/(27/18).
683
Suppose 2*o - 7*o + 5 = 4*v, 4*o = 2*v - 22. Suppose l - 356 = v*g, -3*l = -2*g - g - 1128. What are the prime factors of l?
3, 127
Suppose 0 = 5*l + 1335 + 2055. Let r = -423 - l. Let j = -173 + r. List the prime factors of j.
2, 41
Suppose -d = -s + 31601, 3*s - d = 29653 + 65162. What are the prime factors of s?
31607
Let t = -299 - -295. Suppose 4*r + r - 110 = 0. Let o = r + t. List the prime factors of o.
2, 3
Suppose u = t - 11560, 454*u + 10 = 452*u. List the prime factors of t.
5, 2311
What are the prime factors of 2218 + (60/70)/((-12)/(-28))?
2, 3, 5, 37
Let k = -559 - -1675. List the prime factors of k.
2, 3, 31
Let h be -2 + (-16 - (0 - 1)). Let b(l) = -2*l + 206 - 99 - 86. List the prime factors of b(h).
5, 11
Let z(u) be the second derivative of 17*u + 0*u**2 + 0 - 15/2*u**3. What are the prime factors of z(-2)?
2, 3, 5
Let t(l) be the second derivative of 5*l**3/2 + l**2 + 2*l. Suppose -56*n = 54*n - 660. List the prime factors of t(n).
2, 23
Suppose -9*j + 591 = -6*j. What are the prime factors of (-5)/(5/(-1)) - -1*j?
2, 3, 11
Let z be ((-6)/7)/((-93)/434). List the prime factors of (1382/(-4))/(7 - 30/z).
691
Suppose -5*f + 15 = 0, -5*f - 187 - 467 = 3*r. Let g = 390 + r. List the prime factors of g.
167
Let b(y) = 7*y - 303. Let r be b(10). What are the prime factors of (r/2)/((-107)/1070)?
5, 233
Let b be 2 - (5 + -2) - -5. Suppose 3*a + b - 147 = -j, -4*j + 3*a + 557 = 0. What are the prime factors of j?
2, 5, 7
Let o(y) = -3*y**2 + 11*y - 8. Let j be o(5). Let d(s) = -28*s - 32. What are the prime factors of d(j)?
2, 47
Let k(a) = 145*a + 4. Let l be k(-8). Let i be l/(-119) - (5/7 + -1). What are the prime factors of (18/i)/(3/75)?
3, 5
Let v(o) = o. Let y(w) = -7*w - 7. Let q(f) = 5*v(f) + y(f). Let d be q(-4). What are the prime factors of 1 - 3/d - -142?
2, 5, 7
Let u be (-704)/40 + (-2)/5. What are the prime factors of (-1 - (-5638)/15) + u/(-135)?
3, 5
Let o(a) = 7*a**2 - 7*a + 8. Let b(f) = f**3 + 7*f**2 - 8*f + 9. Let t(h) = 4*b(h) - 5*o(h). List the prime factors of t(5).
2, 3, 7
Suppose 12251 + 17413 = 9*v. Let s = v + -1338. What are the prime factors of s?
2, 11, 89
Let z = -119 + 226. Let j = 19 + z. List the prime factors of j.
2, 3, 7
Let a = 184 - 182. Suppose 1720 = -a*o + 3*o + 2*k, 3*k = -3*o + 5148. What are the prime factors of o?
2, 107
Suppose 4*p + 3 - 3 = 0. Suppose -4*l + 1272 = 5*r - p*r, -5*r + 1275 = 5*l. List the prime factors of r.
2, 3, 7
Let a(g) = -14*g - 73. Let w be a(-5). Let b(d) = -13*d**3 - d**2 - 4*d - 9. List the prime factors of b(w).
3, 5, 23
Let l(y) = -y**2 - 47*y - 6. Let h be l(-21). Let d = h - -13. Let i = -382 + d. What are the prime factors of i?
3, 19
List the prime factors of (-10)/(-1170)*-9 - (-181638)/26.
2, 7, 499
Let t(o) = -527*o**2 + 18 + 2 + 532*o**2 + 12*o. List the prime factors of t(-4).
2, 13
What are the prime factors of -6 - (-360636)/54 - 140/315?
2, 3, 139
Let s be (24/9 + -2)/(45/(-1755)). Let j(t) = -5*t + 210. What are the prime factors of j(s)?
2, 5, 17
Let b be (-11681)/5 + (0 + -15)/(-75). Let t = -1259 - b. List the prime factors of t.
3, 359
Let w(y) = 10184*y + 29. List the prime factors of w(1).
7, 1459
Suppose 2*a - 1159 = -5*f, -2975 = -28*a + 23*a + 3*f. Suppose -15 = -3*d - 0*d. Suppose 3*l = -d*l + a. What are the prime factors of l?
2, 37
Suppose 2509860 = 47*w + 307*w. What are the prime factors of w?
2, 5, 709
What are the prime factors of (8 - (-36)/(-4))*1/2*-6348?
2, 3, 23
Let g be ((-2)/(-6))/((-3 + 8)/45). Let q be (-2 + 1)/((-3)/(-54)*g). Let b(a) = a**2 - a + 6. What are the prime factors of b(q)?
2, 3
Suppose -689736 = -2258*u + 2200*u. What are the prime factors of u?
2, 3, 991
Let b(n) = -494*n - 2. Let a be b(-2). Suppose -p - 3*s + 7*s = -a, -3*p + 4*s + 2926 = 0. What are the prime factors of p?
2, 5, 97
Suppose -2*q = -2*k + 2*q + 4, -3*k + 2*q = -2. Suppose -3*s + 0*v + 2*v + 532 = k, 0 = -s - 4*v + 168. List the prime factors of s.
2, 11
Let a be (-2)/(-7) - (-327)/7. Let v = 1559 + -1563. What are the prime factors of a*((-4)/v - -2)?
3, 47
Suppose 2*l + 5*m + 11 = 0, -2*l + 0*m = -4*m - 16. Let n be -2 + -37 + 3 + -2. List the prime factors of (-10 - n)/(l/8).
2, 7
Suppose -n = 2*n - 147. Suppose 0 = 5*i + 15, -7*y = -3*y + 3*i + n. Let h(k) = -6*k + 17. What are the prime factors of h(y)?
7, 11
Let z = -207 - -229. List the prime factors of -6*1 - (-5236)/z.
2, 29
Let x(h) be the first derivative of 41*h**2/2 + 29*h - 17. Let a be x(7). Suppose 6*u - 1120 = -a. List the prime factors of u.
2, 67
Let y(l) = -l**3 + 2*l**2 + 3*l - 2. Let x be y(2). Suppose -w + 4*b + 86 = 0, x*w + 4*b - 302 = -b. What are the prime factors of 247/2 + w/52?
5
Let y(l) be the third derivative of 0 + 0*l + 1/30*l**5 + 4*l**3 - 2*l**2 + 2/3*l**4. What are the prime factors of y(-12)?
2, 3, 5
Suppose -1215*c = -1241*c + 177502. List the prime factors of c.
6827
Let l(s) = 3*s - 62. Let a(n) = -4*n + 63. Let o(m) = -4*a(m) - 6*l(m). What are the prime factors of o(-19)?
2, 79
Let d(v) = 7*v**3 + 69*v**2 + 98*v + 264. Let s(f) = -11*f**3 - 104*f**2 - 147*f - 396. Let w(i) = -8*d(i) - 5*s(i). What are the prime factors of w(-32)?
2, 359
Let b be (8/(-10))/((-2)/(-25)). Let g be ((-1)/b*38 + -3)*-5. Let a(z) = 8*z**2 + 4*z + 22. What are the prime factors of a(g)?
2, 67
Suppose -54 = 3*r - d, -3*r - 90 = 2*r + 5*d. Let b = r + 18. List the prime factors of 10 + -9 - (b + -5).
2, 3
Suppose 5*h + o - 191 = 2*o, 12 = 3*o. List the prime factors of (38 - h)/(1/(-785)).
5, 157
Suppose -10*f - 66 = -16. What are the prime factors of (-198)/f*(-210)/(-28)?
3, 11
Suppose -5*q + 25 = 10. Suppose q*p - 1159 - 584 = 0. Suppose 6*b = p + 493. List the prime factors of b.
179
Suppose 212*j - 207*j + 3*p - 185558 = 0, 5*j + 5*p = 185560. What are the prime factors of j?
17, 37, 59
Let o be (-8 - 4)*(-1)/3. Suppose -27 = o*q - 7*q. Suppose -3*w + 2*x + 490 = 0, -2*x - 7 = -q. What are the prime factors of w?
2, 41
List the prime factors of (-8)/(968/(-347039))*11.
7, 4507
Let f be (2 + -2)/((-18)/18). Suppose f*q - 3955 = -7*q. List the prime factors of q.
5, 113
Let b(u) = -92*u - 153. What are the prime factors of b(-39)?
3, 5, 229
Let q be 2/(-12) + (-19)/(-6) - -1. Let f be (0 - -4)/q + 2. List the prime factors of f/(9/(-2))*183/(-2).
61
Let m(t) = -54*t - 356. Let z be m(-42). Let b = 3397 - z. List the prime factors of b.
3, 5, 11
Let o(a) = 292*a + 1. Suppose -3*z = 521 - 134. Let x = z + 130. What are the prime factors of o(x)?
293
Suppose 4*p + 3*b = 10, 6 = 3*p - 3*b + 6*b. Suppose -p*k = -8*k + 64. Suppose k*r - 21*r = -395. List the prime factors of r.
79
Suppose r = 4*x + 46 - 225, 4*x = -3*r + 183. Let n = x + -40. Suppose -a = -3*h - 6*a + 45, -n*h + 2*a = -44. What are the prime factors of h?
2, 5
Suppose 18 = -28*u + 31*u. Let s(r) = u*r**2 + 14*r - 18 - 8*r + 4*r. What are the prime factors of s(5)?
2, 7, 13
Let k(p) = 425*p**2 + p + 7. Let r(j) = 851*j**2 + j + 14. Let d(c) = 9*k(c) - 4*r(c). List the prime factors of d(-1).
3, 47
Let p = -90 - -85. Let x(v) = 8*v**2 + 7*v + 10. Let s be x(p). Suppose -5*t = -4*u - s, 103 = 5*t - u - 57. List the prime factors of t.
31
Suppose -5*f + 3*f - 298 = 2*n, -4*n = -f + 571. Let w = -135 - n. Let y = w - -92. What are the prime factors of y?
101
Suppose 24234 = 5*b - 5*p - 72871, 0 = -5*b + 4*p + 97100. List the prime factors of b.
2, 3, 809
Suppose -6*z + 12653 = 4*r - 23605, 2*z = 2*r - 18104. List the prime factors of r.
3, 3019
Let x(h) = -5*h - 7. Let r be x(-2). Suppose 0 = 2*z - 9*a + 14*a - 1898, -z = -r*a - 